{"id":2138,"date":"2022-02-22T22:32:21","date_gmt":"2022-02-22T21:32:21","guid":{"rendered":"https:\/\/www.sos-madagascar.org\/wp2\/?page_id=2138"},"modified":"2022-02-23T17:30:26","modified_gmt":"2022-02-23T16:30:26","slug":"faq","status":"publish","type":"page","link":"https:\/\/www.sos-madagascar.org\/wp2\/faq","title":{"rendered":"FAQ"},"content":{"rendered":"\n<h2 class=\"wp-block-heading\" id=\"comment-aider-en-france\">Comment aider en France ?<\/h2>\n\n\n\n<p class=\"wp-block-paragraph\">Le b\u00e9n\u00e9volat, c\u2019est toujours l\u2019occasion d\u2019une rencontre, d\u2019un \u00e9change, un moment sympa\u2026 Mais avant tout, c\u2019est un moyen de donner du sens \u00e0 nos vies en aidant les populations malgaches (Foyer de personnes en situation de handicap de Namahora et orphelinat d\u2019Akanisoa). Notre aide constitue une r\u00e9elle diff\u00e9rence pour eux.<br>Pas besoin de consacrer vos journ\u00e9es \u00e0 une association pour \u00eatre b\u00e9n\u00e9vole. Vous pouvez vous impliquer \u00e0 votre rythme, de fa\u00e7on ponctuelle ou r\u00e9guli\u00e8re, selon vos disponibilit\u00e9s. Vous restez libre de choisir la fa\u00e7on de vous engager.<br>M\u00eame depuis la France, il existe des moyens concrets d\u2019aider la population malgache. Les possibilit\u00e9s sont multiples. Vous pouvez adh\u00e9rer et\/ou participer aux actions de l\u2019association en France en contribuant au d\u00e9veloppement de ses projets, en apportant votre savoir-faire.<br>Faire un don, rechercher des cofinancements aupr\u00e8s des partenaires &#8211; La priorit\u00e9 : pour mener \u00e0 bien les projets, l\u2019association a besoin de financement. Les adh\u00e9sions (30\u20ac) et les dons repr\u00e9sentent une<br>source essentielle de financement. A noter que ces sommes font l\u2019objet d\u2019une d\u00e9duction fiscale de 66 % selon la r\u00e9glementation en vigueur.<br>En tant qu\u2019adh\u00e9rent vous recevez les informations l\u00e9gales de l\u2019association, les comptes rendus de r\u00e9unions\u2026 Aussi, adh\u00e9rez ! et si vous faites un don, une partie peut \u00eatre consacr\u00e9e \u00e0 votre adh\u00e9sion, cela n\u2019a aucune incidence sur votre implication dans nos actions, ni sur l\u2019aspect fiscal.<br>SOS Madagascar a aussi besoin de forces vives :<br>\u27a2 en mati\u00e8re logistique pour participer \u00e0 la pr\u00e9paration de la f\u00eate annuelle, au forum des associations \u00e0 Roissy en Brie, au march\u00e9 de No\u00ebl, ou \u00e0 d\u2019autres actions de ce type.<br>\u27a2 en mati\u00e8re de projets, sous la conduite d\u2019un chef de projets, pour chercher des financements, \u00e9tudier les demandes venant de l\u2019orphelinat et du foyer d\u2019handicap\u00e9s, monter des dossiers \u00e0<br>pr\u00e9senter aux \u00e9ventuels financeurs&#8230; <br>\u27a2 en mati\u00e8re de communication pour aider l\u2019\u00e9quipe en charge du site, de facebook, de la conception de formulaires, d\u2019articles\u2026<br>\u27a2 un autre vecteur de communication serait de solliciter vos proches et notamment les malgaches que vous pourriez conna\u00eetre ou leur entourage, pour les inviter \u00e0 nous rejoindre, ou \u00e0 nous soutenir.<br>\u27a2 voire m\u00eame, si vous avez un projet de vacances \u00e0 Madagascar, de constituer un relais pour l\u2019association \u00e0 titre b\u00e9n\u00e9vole en vous rendant sur les sites d\u2019intervention de l\u2019association.<\/p>\n\n\n\n<h2 class=\"wp-block-heading\" id=\"puis-je-aider-sur-le-terrain-a-madagascar\">Puis-je aider sur le terrain \u00e0 Madagascar ?<\/h2>\n\n\n\n<p class=\"wp-block-paragraph\">Si vous habitez \u00e0 Madagascar, vous pouvez en effet aider la vice pr\u00e9sidente qui habite Antananarivo dans toutes sortes d\u2019actions et notamment dans le suivi des projets \u00e0 Antsirab\u00e9 (Orphelinat), \u00e0 Namahora (foyer de personnes pr\u00e9sentant un ou plusieurs handicaps), ou \u00e9ventuellement dans la r\u00e9gion d\u2019Androy (moins r\u00e9guli\u00e8rement).<br>Adh\u00e9rent ou non (dans ce cas vous auriez la qualit\u00e9 de sympathisant), si vous habitez en France et que vous avez l\u2019habitude, ou l\u2019intention, de vous rendre \u00e0 Madagascar, votre aide peut nous \u00eatre utile pour les m\u00eames raisons. Par ailleurs, lorsque c\u2019est possible, les b\u00e9n\u00e9voles transportent aussi du mat\u00e9riel vers ces deux centres. Il faut noter qu\u2019il s\u2019agit de b\u00e9n\u00e9volat et que l\u2019association ne peut participer au d\u00e9fraiement m\u00eame partiel des frais engag\u00e9s.<br>Mais n\u2019oubliez pas que l\u2019adh\u00e9sion \u00e0 notre association (30\u20ac par an)  permet de financer les projets s\u00e9lectionn\u00e9s par notre association. Avec peu, Nous pouvons bouger les choses.<\/p>\n\n\n\n<h2 class=\"wp-block-heading\" id=\"l-utilisation-des-dons\">L\u2019utilisation des dons<\/h2>\n\n\n\n<p class=\"wp-block-paragraph\">L\u2019association s\u2019attache \u00e0 faire b\u00e9n\u00e9ficier les deux centres (Orphelinat \u00e0 Antsirab\u00e9 et Foyer des Handicap\u00e9s \u00e0 Morondava) de l\u2019int\u00e9gralit\u00e9 des dons et subventions re\u00e7ues.<br>L\u2019aide de SOS Madagascar qui \u00e9tait jusque-l\u00e0 trimestrielle ou mensuelle, s\u2019est r\u00e9orient\u00e9e r\u00e9cemment sur les projets \u00e0 connotation \u00ab d\u00e9veloppement durable \u00bb soumis par la Direction de ces deux centres.<br>Les projets r\u00e9cents ont pour but d\u2019apporter une aide significative pour lutter contre l\u2019exclusion et la pauvret\u00e9 via l\u2019\u00e9ducation et la formation professionnelle. Ces projets permettent de d\u00e9velopper des<br>structures adapt\u00e9es permettant aux centres de se concentrer sur leurs objectifs tout en garantissant une autonomie financi\u00e8re.<br>Les dons sont directement affect\u00e9s aux structures ; les frais g\u00e9n\u00e9raux sont limit\u00e9s au strict n\u00e9cessaire.<br>Conform\u00e9ment \u00e0 la r\u00e9glementation, les comptes sont pr\u00e9sent\u00e9s (et communiqu\u00e9s) \u00e0 chaque adh\u00e9rent lors de l\u2019AG annuelle qui se tient habituellement en janvier.<\/p>\n\n\n\n<h3 class=\"has-text-align-center wp-block-heading\" id=\"logigramme-2021\">Logigramme 2021<\/h3>\n\n\n\n<figure class=\"wp-block-image size-full\"><a href=\"https:\/\/www.sos-madagascar.org\/wp2\/wp-content\/2022\/02\/Screenshot-2022-02-22-at-15-53-19-Logigrammes-pour-quelques-chiffres-dans-transparence-vdictor-gmail-com-Gmail.png\"><img loading=\"lazy\" decoding=\"async\" width=\"693\" height=\"353\" src=\"https:\/\/www.sos-madagascar.org\/wp2\/wp-content\/2022\/02\/Screenshot-2022-02-22-at-15-53-19-Logigrammes-pour-quelques-chiffres-dans-transparence-vdictor-gmail-com-Gmail.png\" alt=\"\" class=\"wp-image-2245\" srcset=\"https:\/\/www.sos-madagascar.org\/wp2\/wp-content\/2022\/02\/Screenshot-2022-02-22-at-15-53-19-Logigrammes-pour-quelques-chiffres-dans-transparence-vdictor-gmail-com-Gmail.png 693w, https:\/\/www.sos-madagascar.org\/wp2\/wp-content\/2022\/02\/Screenshot-2022-02-22-at-15-53-19-Logigrammes-pour-quelques-chiffres-dans-transparence-vdictor-gmail-com-Gmail-300x153.png 300w\" sizes=\"auto, (max-width: 693px) 100vw, 693px\" \/><\/a><\/figure>\n","protected":false},"excerpt":{"rendered":"<p>Comment aider en France ? Le b\u00e9n\u00e9volat, c\u2019est toujours l\u2019occasion d\u2019une rencontre, d\u2019un \u00e9change, un moment sympa\u2026 Mais avant tout, c\u2019est un moyen de donner du sens \u00e0 nos vies en aidant les populations malgaches (Foyer de personnes en situation de handicap de Namahora et orphelinat d\u2019Akanisoa). Notre aide constitue une r\u00e9elle diff\u00e9rence pour eux.Pas&hellip; <a class=\"more-link\" href=\"https:\/\/www.sos-madagascar.org\/wp2\/faq\">Poursuivre la lecture <span class=\"screen-reader-text\">FAQ<\/span><\/a><\/p>\n","protected":false},"author":91,"featured_media":0,"parent":0,"menu_order":0,"comment_status":"closed","ping_status":"closed","template":"","meta":{"_crdt_document":"","footnotes":""},"class_list":["post-2138","page","type-page","status-publish","hentry","entry"],"_links":{"self":[{"href":"https:\/\/www.sos-madagascar.org\/wp2\/wp-json\/wp\/v2\/pages\/2138","targetHints":{"allow":["GET"]}}],"collection":[{"href":"https:\/\/www.sos-madagascar.org\/wp2\/wp-json\/wp\/v2\/pages"}],"about":[{"href":"https:\/\/www.sos-madagascar.org\/wp2\/wp-json\/wp\/v2\/types\/page"}],"author":[{"embeddable":true,"href":"https:\/\/www.sos-madagascar.org\/wp2\/wp-json\/wp\/v2\/users\/91"}],"replies":[{"embeddable":true,"href":"https:\/\/www.sos-madagascar.org\/wp2\/wp-json\/wp\/v2\/comments?post=2138"}],"version-history":[{"count":7,"href":"https:\/\/www.sos-madagascar.org\/wp2\/wp-json\/wp\/v2\/pages\/2138\/revisions"}],"predecessor-version":[{"id":2261,"href":"https:\/\/www.sos-madagascar.org\/wp2\/wp-json\/wp\/v2\/pages\/2138\/revisions\/2261"}],"wp:attachment":[{"href":"https:\/\/www.sos-madagascar.org\/wp2\/wp-json\/wp\/v2\/media?parent=2138"}],"curies":[{"name":"wp","href":"https:\/\/api.w.org\/{rel}","templated":true}]}}